{"id":565,"date":"2021-04-10T07:36:46","date_gmt":"2021-04-10T07:36:46","guid":{"rendered":"https:\/\/es.bilkent.edu.tr\/?page_id=565"},"modified":"2021-08-18T11:18:29","modified_gmt":"2021-08-18T11:18:29","slug":"john-odwyer","status":"publish","type":"page","link":"https:\/\/es.bilkent.edu.tr\/?page_id=565","title":{"rendered":"John O&#8217;Dwyer"},"content":{"rendered":"\n<p><em>Assistant Professor<\/em><br><a rel=\"noreferrer noopener\" href=\"mailto:johnbod@bilkent.edu.tr\" target=\"_blank\"><em>johnbod@bilkent.edu.tr<\/em><\/a><\/p>\n\n\n\n<p><strong>Biography:<\/strong><br>Worked in a range of roles, as a language teacher, teacher educator, consultant, project leader, education manager, in Morocco, Spain, France, Switzerland, UK, South East Asia (Indonesia), Africa (Eritrea, Angola, Mozambique, Libya), and Gulf (Oman).<\/p>\n\n\n\n<p>Deputy Director, Bilkent University School of English Language (BUSEL), 1992-96<\/p>\n\n\n\n<p>Director, Bilkent University School of English Language (BUSEL), 1996-2015<\/p>\n\n\n\n<p>General Coordinator, \u00d6zel Bilkent Primary, Middle and High Schools, 1997- ongoing<\/p>\n\n\n\n<p><strong>Education:<\/strong><br>PhD: University of Surrey, Roehampton, UK (Curriculum Evaluation)<\/p>\n\n\n\n<p>MA: University of Reading, UK (TEFL)&nbsp;&nbsp;&nbsp;&nbsp;&nbsp;&nbsp;&nbsp;&nbsp;&nbsp;&nbsp;&nbsp;&nbsp;&nbsp;&nbsp;&nbsp;&nbsp;&nbsp;&nbsp;&nbsp;&nbsp;&nbsp;&nbsp;&nbsp;&nbsp;&nbsp;&nbsp;&nbsp;&nbsp;&nbsp;<\/p>\n\n\n\n<p>Maitrise: Universit\u00e9 de Nancy, France (Sciences du Langage)<\/p>\n\n\n\n<p>Licence: Universit\u00e9 d\u2019Aix-Marseille, France (\u00e8s-Lettres)<\/p>\n\n\n\n<p>BA: University of Wolverhampton, UK (Economics)<\/p>\n\n\n\n<p>RSA Diploma: TEFLA, British Council, Madrid<\/p>\n\n\n\n<p><strong>Research Interests:<\/strong><br>Organizational Learning; Educational Management and Leadership; In-service Teacher Education; Language Education<\/p>\n\n\n\n<p><strong>Selected Publications and Presentations:<\/strong><br>Atl\u0131 H.H. &amp; <strong>O\u2019Dwyer J.<\/strong> In press. <em>The contribution of personal epistemological beliefs to uptake in in-service professional development: a case-study.<\/em> Professional Development in Education.<\/p>\n\n\n\n<p><strong>O\u2019Dwyer, J<\/strong>., Kantarcioglu, E. &amp; Thomas, C. 2018. <em>An investigation of the predictive validity of the TOEFL iBT test at an English-medium university in Turkey<\/em> (TOEFL. Research Report No. RR-83). Princeton, NJ: Educational Testing Service. https:\/\/doi.org\/10.1002\/ets2.12230<\/p>\n\n\n\n<p><strong>O\u2019Dwyer J<\/strong>., Atl\u0131 H.H. 2018. ESP\/EAP in University Programs in a Non-target Language Community \u2013 Issues and Challenges. In: Y. K\u0131rkg\u00f6z &amp; K. Dikilita\u015f (Eds) <em>Key Issues in English for Specific Purposes in Higher Education<\/em>. English Language Education, vol 11. Springer, Cham.<\/p>\n\n\n\n<p><strong>O\u2019Dwyer, J. <\/strong>B., &amp; Atl\u0131, H. H. 2015. A study of in-service teacher educator roles, with implications for a curriculum for their professional development. <em>European Journal of Teacher Education<\/em>, <em>38<\/em>(1), 4-20.<\/p>\n\n\n\n<p><strong>O\u2019Dwyer, J<\/strong>. 2011. Assessment in the Learning System.In: B. O\u2019Sullivan, Ed. 2011. <em>Language Testing: Theories and Practices. <\/em>Palgrave.<\/p>\n\n\n\n<p><strong>O\u2019Dwyer, J<\/strong>., Aksit, N. &amp; Sands, M. 2010. Expanding Educational Access in Eastern Turkey: A New Initiative. <em>International Journal of Educational Development, <\/em>30(2), 193\u2013203.<\/p>\n\n\n\n<p>Kantarc\u0131o\u011flu, E., Thomas, C., <strong>O\u2019Dwyer, J. <\/strong>&amp; O\u2019Sullivan, B. 2010. Benchmarking a High Stakes Proficiency Exam: the COPE linking Project at BUSEL. In: Waldemar, M. Ed. 2010. <em>Aligning Tests with the CEFR: Reflections on using the Council of Europe&#8217;s draft Manual<\/em>. Studies in Language Testing, SILT Series. UCLES and Cambridge University Press. <\/p>\n\n\n\n<p><strong>O\u2019Dwyer<\/strong>, J. 2008. <em>Formative Evaluation for Organisational Learning: A Case Study of the Management of a Process of Curriculum Development<\/em>. Volume 8 in the \u2018Language Testing and Evaluation\u2019 Series. Frankfurt: Peter Lang.<\/p>\n\n\n\n<p><strong>O\u2019Dwyer, J<\/strong>. 2020. Enhancing Learning Seen through an Alternative Lens. Plenary Session. <em>Enhancing Learning through Effective Teaching.<\/em> Antalya Bilim University, School of Foreign Languages, 5<sup>th<\/sup> ELT Conference, Antalya, March 7<sup>th<\/sup>, 2020<\/p>\n\n\n\n<p>Atl\u0131, H.H. &amp; <strong>J. O\u2019Dwyer<\/strong>. 2019. <em>Teacher Epistemological Beliefs and Sustainable Change in Professional Development. <\/em>Association for Teacher Education in Europe. ATEE Annual Conference, Bath Spa University, Bath, UK, August 14-16.<\/p>\n\n\n\n<p><strong>O\u2019Dwyer, J<\/strong>. 2019. My Top 10 Lessons Learnt from Accreditation. Plenary Session. <em>Current Practices and the Future of Quality in EAP &amp; ESP<\/em>. Joint TED University English Language School and IATEFL English for Specific Purposes SIG Conference, TED University, Ankara, May 24-25, 2019.<\/p>\n\n\n\n<p>\u00c7etin, L., G\u00fcnayd\u0131n, E. &amp;<strong> O\u2019Dwyer, J<\/strong>. 2018. A Model for Effective EAP Outcomes: The International Baccalaureate Diploma Experience. 15th International Bilkent University School of English Language ELT Conference. <em>The Future of EAP: Provision, Standards and Practices.<\/em> Ankara, Turkey, June 29-30, 2018.<\/p>\n\n\n\n<p><strong>O\u2019Dwyer J<\/strong>. 2017. English Medium Universities outside the Target Language Community: Experience from Turkey. 2nd International Seminar: Internationalising learning: English as a Medium of Instruction (EMI), Universitat Polit\u00e8cnica de Val\u00e8ncia, March 30-31, 2017.<\/p>\n\n\n\n<p><strong>O\u2019Dwyer, J<\/strong>. &amp; (Prof.) K.<em> Livingston<\/em>. 2016. The implications for in-service teacher education of curriculum renewal in school settings.<em>Educating the Best Teachers: a Challenge for Teacher Education<\/em><strong>, <\/strong>22-24 August 2016 \u2013 Fontys University of Applied Sciences, Eindhoven, the Netherlands.<\/p>\n\n\n\n<p><strong>O\u2019Dwyer, J<\/strong>., S. Altan and L. Bruce \u00d6zdem\u0131r. 2016. Classroom-Based Formative Assessment Practices in English Language Learning<em>. Classroom Assessment. <\/em>Proceedings of the 14<sup>th<\/sup> International Conference. Bilkent University School of English Language. June 17-18, 2016.<\/p>\n\n\n\n<p><strong>O\u2019Dwyer, J<\/strong>., Y. Kirkgoz, E. Ustunel, T. Godfrey. 2015. To investigate trainee teachers\u2019 perceptions about the quality of the mentoring and induction programme in their school. Paper presented as part of the Colloquium \u2013 \u2018English Language Teacher Education Research in Turkey: A Collaborative Research Community reflects on the first 5 years\u2019.<em> Teacher Education through Partnerships and Collaborative Learning Communities<\/em>. ATEE Annual Conference.University of Glasgow, Glasgow, Scotland, August 24-26, 2015.<\/p>\n","protected":false},"excerpt":{"rendered":"<p>Assistant Professorjohnbod@bilkent.edu.tr Biography:Worked in a range of roles, as a language teacher, teacher educator, consultant, project leader, education manager, in Morocco, Spain, France, Switzerland, UK, South East Asia (Indonesia), Africa (Eritrea, Angola, Mozambique, Libya), and Gulf (Oman). Deputy Director, Bilkent University School of English Language (BUSEL), 1992-96 Director, Bilkent University [&hellip;]<\/p>\n","protected":false},"author":1,"featured_media":443,"parent":0,"menu_order":0,"comment_status":"closed","ping_status":"closed","template":"","meta":[],"_links":{"self":[{"href":"https:\/\/es.bilkent.edu.tr\/index.php?rest_route=\/wp\/v2\/pages\/565"}],"collection":[{"href":"https:\/\/es.bilkent.edu.tr\/index.php?rest_route=\/wp\/v2\/pages"}],"about":[{"href":"https:\/\/es.bilkent.edu.tr\/index.php?rest_route=\/wp\/v2\/types\/page"}],"author":[{"embeddable":true,"href":"https:\/\/es.bilkent.edu.tr\/index.php?rest_route=\/wp\/v2\/users\/1"}],"replies":[{"embeddable":true,"href":"https:\/\/es.bilkent.edu.tr\/index.php?rest_route=%2Fwp%2Fv2%2Fcomments&post=565"}],"version-history":[{"count":8,"href":"https:\/\/es.bilkent.edu.tr\/index.php?rest_route=\/wp\/v2\/pages\/565\/revisions"}],"predecessor-version":[{"id":1089,"href":"https:\/\/es.bilkent.edu.tr\/index.php?rest_route=\/wp\/v2\/pages\/565\/revisions\/1089"}],"wp:featuredmedia":[{"embeddable":true,"href":"https:\/\/es.bilkent.edu.tr\/index.php?rest_route=\/wp\/v2\/media\/443"}],"wp:attachment":[{"href":"https:\/\/es.bilkent.edu.tr\/index.php?rest_route=%2Fwp%2Fv2%2Fmedia&parent=565"}],"curies":[{"name":"wp","href":"https:\/\/api.w.org\/{rel}","templated":true}]}}